en 1491 is divided by 474.
69
Calculate the remainder when 460 is divided by 136.
52
What is the remainder when 40 is divided by 24?
16
Calculate the remainder when 411 is divided by 128.
27
What is the remainder when 112 is divided by 42?
28
Calculate the remainder when 76 is divided by 8.
4
Calculate the remainder when 1290 is divided by 70.
30
What is the remainder when 61 is divided by 53?
8
Calculate the remainder when 27 is divided by 15.
12
Calculate the remainder when 288 is divided by 10.
8
What is the remainder when 285 is divided by 12?
9
Calculate the remainder when 953 is divided by 18.
17
What is the remainder when 4450 is divided by 159?
157
Calculate the remainder when 858 is divided by 94.
12
What is the remainder when 5994 is divided by 22?
10
Calculate the remainder when 40 is divided by 6.
4
Calculate the remainder when 48 is divided by 19.
10
Calculate the remainder when 1020 is divided by 247.
32
What is the remainder when 446 is divided by 76?
66
What is the remainder when 11493 is divided by 95?
93
Calculate the remainder when 432 is divided by 29.
26
Calculate the remainder when 124 is divided by 55.
14
Calculate the remainder when 69 is divided by 55.
14
Calculate the remainder when 192 is divided by 15.
12
What is the remainder when 1162 is divided by 235?
222
What is the remainder when 170 is divided by 69?
32
Calculate the remainder when 455 is divided by 1.
0
Calculate the remainder when 979 is divided by 14.
13
What is the remainder when 1061 is divided by 13?
8
Calculate the remainder when 87302 is divided by 56.
54
Calculate the remainder when 149 is divided by 13.
6
What is the remainder when 3713 is divided by 740?
13
What is the remainder when 66 is divided by 29?
8
Calculate the remainder when 319 is divided by 7.
4
Calculate the remainder when 3795 is divided by 10.
5
Calculate the remainder when 76 is divided by 28.
20
Calculate the remainder when 169 is divided by 23.
8
Calculate the remainder when 68 is divided by 11.
2
Calculate the remainder when 90 is divided by 38.
14
Calculate the remainder when 1325 is divided by 658.
9
Calculate the remainder when 165 is divided by 34.
29
What is the remainder when 15725 is divided by 16?
13
What is the remainder when 548 is divided by 144?
116
Calculate the remainder when 1615 is divided by 65.
55
What is the remainder when 185 is divided by 16?
9
Calculate the remainder when 83 is divided by 30.
23
What is the remainder when 468 is divided by 76?
12
Calculate the remainder when 103 is divided by 26.
25
Calculate the remainder when 63 is divided by 24.
15
Calculate the remainder when 108 is divided by 49.
10
What is the remainder when 201 is divided by 19?
11
Calculate the remainder when 231 is divided by 80.
71
What is the remainder when 563 is divided by 69?
11
Calculate the remainder when 213 is divided by 56.
45
Calculate the remainder when 3565 is divided by 70.
65
Calculate the remainder when 458 is divided by 46.
44
What is the remainder when 286 is divided by 74?
64
Calculate the remainder when 940 is divided by 10.
0
What is the remainder when 314 is divided by 21?
20
Calculate the remainder when 588 is divided by 18.
12
What is the remainder when 3093 is divided by 206?
3
Calculate the remainder when 609 is divided by 51.
48
What is the remainder when 105 is divided by 32?
9
Calculate the remainder when 308 is divided by 82.
62
What is the remainder when 1127 is divided by 12?
11
Calculate the remainder when 242 is divided by 19.
14
Calculate the remainder when 26609 is divided by 15.
14
Calculate the remainder when 147 is divided by 26.
17
What is the remainder when 3666 is divided by 22?
14
What is the remainder when 62 is divided by 7?
6
Calculate the remainder when 132 is divided by 38.
18
Calculate the remainder when 69 is divided by 12.
9
What is the remainder when 1284 is divided by 146?
116
Calculate the remainder when 910 is divided by 15.
10
Calculate the remainder when 642 is divided by 232.
178
What is the remainder when 32 is divided by 26?
6
What is the remainder when 59 is divided by 23?
13
Calculate the remainder when 1468 is divided by 7.
5
What is the remainder when 753 is divided by 752?
1
Calculate the remainder when 1334 is divided by 168.
158
What is the remainder when 77 is divided by 13?
12
What is the remainder when 303 is divided by 4?
3
Calculate the remainder when 9237 is divided by 110.
107
What is the remainder when 1257 is divided by 74?
73
Calculate the remainder when 787 is divided by 394.
393
Calculate the remainder when 433 is divided by 87.
85
What is the remainder when 713 is divided by 329?
55
What is the remainder when 233 is divided by 59?
56
Calculate the remainder when 703 is divided by 218.
49
What is the remainder when 1330 is divided by 111?
109
Calculate the remainder when 336 is divided by 59.
41
Calculate the remainder when 9687 is divided by 10.
7
What is the remainder when 410 is divided by 67?
8
What is the remainder when 204 is divided by 26?
22
Calculate the remainder when 177 is divided by 62.
53
What is the remainder when 942 is divided by 36?
6
What is the remainder when 258 is divided by 88?
82
Calculate the remainder when 975 is divided by 315.
30
What is the remainder when 643 is divided by 175?
118
Calculate the remainder when 6701 is divided by 5.
1
Calculate the remainder when 103 is divided by 37.
29
What is the remainder when 10888 is divided by 15?
13
Calculate the remainder when 1503 is divided by 209.
40
Calculate the remainder when 57 is divided by 7.
1
Calculate the remainder when 7437 is divided by 62.
59
Calculate the remainder when 1713 is divided by 567.
12
Calculate the remainder when 764 is divided by 7.
1
What is the remainder when 25965 is divided by 12?
9
What is the remainder when 604 is divided by 154?
142
Calculate the remainder when 160 is divided by 27.
25
What is the remainder when 149 is divided by 32?
21
Calculate the remainder when 2713 is divided by 80.
73
What is the remainder when 536 is divided by 138?
122
Calculate the remainder when 183 is divided by 80.
23
What is the remainder when 121 is divided by 7?
2
Calculate the remainder when 83 is divided by 55.
28
What is the remainder when 409 is divided by 29?
3
Calculate the remainder when 107 is divided by 50.
7
What is the remainder when 16243 is divided by 124?
123
What is the remainder when 882 is divided by 432?
18
Calculate the remainder when 1613 is divided by 33.
29
What is the remainder when 43 is divided by 5?
3
Calculate the remainder when 36 is divided by 15.
6
What is the remainder when 10164 is divided by 34?
32
Calculate the remainder when 199 is divided by 51.
46
What is the remainder when 1355 is divided by 22?
13
Calculate the remainder when 37 is divided by 7.
2
What is the remainder when 156 is divided by 37?
8
What is the remainder when 97 is divided by 10?
7
Calculate the remainder when 167 is divided by 14.
13
Calculate the remainder when 321 is divided by 23.
22
What is the remainder when 572 is divided by 5?
2
Calculate the remainder when 112 is divided by 2.
0
What is the remainder when 4990 is divided by 64?
62
Calculate the remainder when 6767 is divided by 36.
35
Calculate the remainder when 890 is divided by 148.
2
Calculate the remainder when 5602 is divided by 9.
4
What is the remainder when 594 is divided by 60?
54
Calculate the remainder when 145 is divided by 88.
57
What is the remainder when 334 is divided by 49?
40
Calculate the remainder when 164 is divided by 113.
51
Calculate the remainder when 243 is divided by 68.
39
Calculate the remainder when 1726 is divided by 72.
70
What is the remainder when 38 is divided by 23?
15
Calculate the remainder when 59 is divided by 55.
4
Calculate the remainder when 98 is divided by 32.
2
Calculate the remainder when 5729 is divided by 191.
190
Calculate the remainder when 1146 is divided by 130.
106
Calculate the remainder when 290 is divided by 75.
65
What is the remainder when 157 is divided by 45?
22
Calculate the remainder when 70 is divided by 9.
7
What is the remainder when 9459 is divided by 28?
23
Calculate the remainder when 6858 is divided by 98.
96
What is the remainder when 733 is divided by 173?
41
What is the remainder